{"id":38,"date":"2021-08-05T10:04:05","date_gmt":"2021-08-05T08:04:05","guid":{"rendered":"http:\/\/lemomentreflexo.com\/?page_id=38"},"modified":"2023-05-04T10:40:35","modified_gmt":"2023-05-04T08:40:35","slug":"pour-qui-2","status":"publish","type":"page","link":"https:\/\/lemomentreflexo.com\/index.php\/pour-qui-2\/","title":{"rendered":"Pour qui ?"},"content":{"rendered":"\t\t<div data-elementor-type=\"wp-page\" data-elementor-id=\"38\" class=\"elementor elementor-38\" data-elementor-settings=\"[]\">\n\t\t\t\t\t\t\t<div class=\"elementor-section-wrap\">\n\t\t\t\t\t\t\t<section class=\"elementor-section elementor-top-section elementor-element elementor-element-10f4570d elementor-section-boxed elementor-section-height-default elementor-section-height-default\" data-id=\"10f4570d\" data-element_type=\"section\">\n\t\t\t\t\t\t<div class=\"elementor-container elementor-column-gap-default\">\n\t\t\t\t\t<div class=\"elementor-column elementor-col-100 elementor-top-column elementor-element elementor-element-2430fe16\" data-id=\"2430fe16\" data-element_type=\"column\">\n\t\t\t<div class=\"elementor-widget-wrap elementor-element-populated\">\n\t\t\t\t\t\t\t\t<div class=\"elementor-element elementor-element-b5a054a elementor-widget elementor-widget-spacer\" data-id=\"b5a054a\" data-element_type=\"widget\" data-widget_type=\"spacer.default\">\n\t\t\t\t<div class=\"elementor-widget-container\">\n\t\t\t\t\t<div class=\"elementor-spacer\">\n\t\t\t<div class=\"elementor-spacer-inner\"><\/div>\n\t\t<\/div>\n\t\t\t\t<\/div>\n\t\t\t\t<\/div>\n\t\t\t\t<div class=\"elementor-element elementor-element-30ff704 elementor-widget elementor-widget-heading\" data-id=\"30ff704\" data-element_type=\"widget\" data-widget_type=\"heading.default\">\n\t\t\t\t<div class=\"elementor-widget-container\">\n\t\t\t<h4 class=\"elementor-heading-title elementor-size-default\">Pour qui ? <\/h4>\t\t<\/div>\n\t\t\t\t<\/div>\n\t\t\t\t<div class=\"elementor-element elementor-element-61c30633 elementor-widget elementor-widget-text-editor\" data-id=\"61c30633\" data-element_type=\"widget\" data-widget_type=\"text-editor.default\">\n\t\t\t\t<div class=\"elementor-widget-container\">\n\t\t\t\t\t\t\t<p><!-- wp:paragraph {\"backgroundColor\":\"white\",\"textColor\":\"pale-pink\"} --><\/p>\n<p class=\"has-pale-pink-color has-white-background-color has-text-color has-background\">La r\u00e9flexologie (plantaire et palmaire ) s&rsquo;adresse \u00e0 tous sans limites d&rsquo;\u00e2ge .Quel que soit l\u2019\u00e2ge, le sexe ou la situation d\u2019une personne, la r\u00e9flexologie permet de rel\u00e2cher les tensions, am\u00e9liorer la gestion du stress, favoriser la circulation sanguine et lymphatique et le d\u00e9blocage des influx nerveux.<\/p>\n<p>La r\u00e9flexologie cranio faciale et spino (dorsale ) sont r\u00e9serv\u00e9es aux adultes .<\/p>\n<p class=\"has-pale-pink-color has-white-background-color has-text-color has-background\">La dur\u00e9e des s\u00e9ances et l&rsquo;intensit\u00e9 des pressions pourront vari\u00e9es \u00a0selon l&rsquo;\u00e2ge , l&rsquo;\u00e9tat de sant\u00e9 de la personne .<\/p>\n<p><!-- \/wp:paragraph --><\/p>\n<p><!-- wp:paragraph {\"backgroundColor\":\"white\",\"textColor\":\"pale-pink\"} --><\/p>\n<p class=\"has-pale-pink-color has-white-background-color has-text-color has-background\">Le nombre de s\u00e9ance varie suivant l&rsquo;\u00e9volution des r\u00e9sultats qui peut vari\u00e9 de 2 \u00e0 5.<\/p>\n<p>La r\u00e9gularit\u00e9 des s\u00e9ances optimise les bienfaits.\u00a0<\/p>\n<p>\u00a0<\/p>\n<p>En pr\u00e9vention,\u00a0<\/p>\n<p>En cas de sympt\u00f4mes aigus\u00a0:<\/p>\n<p>Le plus t\u00f4t possible pour aider le corps \u00e0 retrouver l&rsquo;\u00e9quilibre.<\/p>\n<p>4\u00a0\u00e0 5 s\u00e9ances suffisent le plus souvent. Les 3 premi\u00e8res peuvent \u00eatre hebdomadaires ou espac\u00e9es de 15 jours \u00e0 3 semaines en fonction de l&rsquo;am\u00e9lioration de celles-ci.<\/p>\n<p>En cas de sympt\u00f4mes chroniques\u00a0:<\/p>\n<p>Le nombre de s\u00e9ances peut \u00eatre variable suivant le\u00a0d\u00e9s\u00e9quilibre\u00a0trait\u00e9 et l&rsquo;am\u00e9lioration successive aux s\u00e9ances.<\/p>\n<p>\u00a0<\/p>\n<p>\u00a0Afin de conserver son hom\u00e9ostasie (\u00e9quilibre physiologique de l&rsquo;organisme) et de\u00a0p\u00e9renniser\u00a0les bienfaits. Ensuite, une s\u00e9ance d&rsquo;entretien tous\u00a0les mois, ou deux mois, ou \u00e0 chaque changement de saison.<\/p>\n<p>\u00a0<\/p>\n<p><!-- \/wp:paragraph --><\/p>\n<p><!-- wp:paragraph {\"backgroundColor\":\"white\",\"textColor\":\"pale-pink\"} --><\/p>\n<p class=\"has-pale-pink-color has-white-background-color has-text-color has-background\">\u00a0<\/p>\n<p><!-- \/wp:paragraph --><\/p>\t\t\t\t\t\t<\/div>\n\t\t\t\t<\/div>\n\t\t\t\t<div class=\"elementor-element elementor-element-cd38d74 elementor-widget elementor-widget-image\" data-id=\"cd38d74\" data-element_type=\"widget\" data-widget_type=\"image.default\">\n\t\t\t\t<div class=\"elementor-widget-container\">\n\t\t\t\t\t\t\t\t\t\t\t\t\t\t\t<img loading=\"lazy\" decoding=\"async\" width=\"500\" height=\"481\" src=\"https:\/\/lemomentreflexo.com\/wp-content\/uploads\/2021\/08\/cropped-Violet-et-Blanc-Simple-et-Circulaire-Yoga-Evenement-Logo-2.png\" class=\"attachment-large size-large\" alt=\"\" \/>\t\t\t\t\t\t\t\t\t\t\t\t\t\t\t<\/div>\n\t\t\t\t<\/div>\n\t\t\t\t\t<\/div>\n\t\t<\/div>\n\t\t\t\t\t\t\t<\/div>\n\t\t<\/section>\n\t\t\t\t\t\t<\/div>\n\t\t\t\t\t<\/div>\n\t\t","protected":false},"excerpt":{"rendered":"<p>Pour qui ? La r\u00e9flexologie (plantaire et palmaire ) s&rsquo;adresse \u00e0 tous sans limites d&rsquo;\u00e2ge .Quel que soit l\u2019\u00e2ge, le &#8230; <\/p>\n<p class=\"more-link-container\"><a title=\"Pour qui ?\" class=\"more-link button\" href=\"https:\/\/lemomentreflexo.com\/index.php\/pour-qui-2\/#more-38\">Read More<span class=\"screen-reader-text\">Pour qui ?<\/span> <i class=\"fa fa-angle-double-right\"><\/i><\/a><\/p>\n","protected":false},"author":1,"featured_media":0,"parent":0,"menu_order":0,"comment_status":"closed","ping_status":"closed","template":"","meta":{"footnotes":""},"class_list":["post-38","page","type-page","status-publish","hentry"],"_links":{"self":[{"href":"https:\/\/lemomentreflexo.com\/index.php\/wp-json\/wp\/v2\/pages\/38","targetHints":{"allow":["GET"]}}],"collection":[{"href":"https:\/\/lemomentreflexo.com\/index.php\/wp-json\/wp\/v2\/pages"}],"about":[{"href":"https:\/\/lemomentreflexo.com\/index.php\/wp-json\/wp\/v2\/types\/page"}],"author":[{"embeddable":true,"href":"https:\/\/lemomentreflexo.com\/index.php\/wp-json\/wp\/v2\/users\/1"}],"replies":[{"embeddable":true,"href":"https:\/\/lemomentreflexo.com\/index.php\/wp-json\/wp\/v2\/comments?post=38"}],"version-history":[{"count":14,"href":"https:\/\/lemomentreflexo.com\/index.php\/wp-json\/wp\/v2\/pages\/38\/revisions"}],"predecessor-version":[{"id":668,"href":"https:\/\/lemomentreflexo.com\/index.php\/wp-json\/wp\/v2\/pages\/38\/revisions\/668"}],"wp:attachment":[{"href":"https:\/\/lemomentreflexo.com\/index.php\/wp-json\/wp\/v2\/media?parent=38"}],"curies":[{"name":"wp","href":"https:\/\/api.w.org\/{rel}","templated":true}]}}